{"id":522,"date":"2016-06-12T00:24:39","date_gmt":"2016-06-11T22:24:39","guid":{"rendered":"http:\/\/www.skarsetlia.no\/?page_id=522"},"modified":"2021-09-23T21:53:08","modified_gmt":"2021-09-23T19:53:08","slug":"reguleringsbestemmelser","status":"publish","type":"page","link":"https:\/\/www.skarsetlia.no\/?page_id=522","title":{"rendered":"Reguleringsbestemmelser"},"content":{"rendered":"<p><a href=\"https:\/\/www.skarsetlia.no\/wp-content\/uploads\/Plan-110_best_Deltakerlandsbyen_OL-94_Skarsetlia-Fagstadmyra.pdf\" rel=\"attachment wp-att-524\">Reguleringsplan for Deltakerlandsbyen OL-94 Sk\u00e5rsetlia-Fagstadmyra<\/a><\/p>\n<p><a href=\"https:\/\/www.skarsetlia.no\/wp-content\/uploads\/Plan-110_kart_Bebyggelsesplan_Deltakerlandsbyen-1.pdf\">Kart for reguleringsplan for Deltakerlandsbyen OL-94 Sk\u00e5rsetlia-Fagstadmyra<\/a><\/p>\n<p><a href=\"https:\/\/www.skarsetlia.no\/wp-content\/uploads\/Statens_Byggeskikkpris_1994.pdf\" rel=\"attachment wp-att-525\">Statens Byggeskikkpris 1994<\/a><\/p>\n<p><a href=\"https:\/\/www.skarsetlia.no\/?p=5958\">Oversikt over fellesomr\u00e5der i Sk\u00e5rsetlia huseierlag<\/a><\/p>\n<p>\u00a0<\/p>\n\n\n<p><\/p>\n","protected":false},"excerpt":{"rendered":"<p>Reguleringsplan for Deltakerlandsbyen OL-94 Sk\u00e5rsetlia-Fagstadmyra Kart for reguleringsplan for Deltakerlandsbyen OL-94 Sk\u00e5rsetlia-Fagstadmyra Statens Byggeskikkpris 1994 Oversikt over fellesomr\u00e5der i Sk\u00e5rsetlia huseierlag \u00a0<\/p>\n","protected":false},"author":11,"featured_media":0,"parent":0,"menu_order":3,"comment_status":"closed","ping_status":"closed","template":"","meta":{"footnotes":""},"class_list":["post-522","page","type-page","status-publish","hentry"],"_links":{"self":[{"href":"https:\/\/www.skarsetlia.no\/index.php?rest_route=\/wp\/v2\/pages\/522","targetHints":{"allow":["GET"]}}],"collection":[{"href":"https:\/\/www.skarsetlia.no\/index.php?rest_route=\/wp\/v2\/pages"}],"about":[{"href":"https:\/\/www.skarsetlia.no\/index.php?rest_route=\/wp\/v2\/types\/page"}],"author":[{"embeddable":true,"href":"https:\/\/www.skarsetlia.no\/index.php?rest_route=\/wp\/v2\/users\/11"}],"replies":[{"embeddable":true,"href":"https:\/\/www.skarsetlia.no\/index.php?rest_route=%2Fwp%2Fv2%2Fcomments&post=522"}],"version-history":[{"count":10,"href":"https:\/\/www.skarsetlia.no\/index.php?rest_route=\/wp\/v2\/pages\/522\/revisions"}],"predecessor-version":[{"id":5960,"href":"https:\/\/www.skarsetlia.no\/index.php?rest_route=\/wp\/v2\/pages\/522\/revisions\/5960"}],"wp:attachment":[{"href":"https:\/\/www.skarsetlia.no\/index.php?rest_route=%2Fwp%2Fv2%2Fmedia&parent=522"}],"curies":[{"name":"wp","href":"https:\/\/api.w.org\/{rel}","templated":true}]}}